{"id":112424,"date":"2021-01-25T17:43:37","date_gmt":"2021-01-25T17:43:37","guid":{"rendered":"http:\/\/thinkingfadura.eus\/?post_type=proyecto&#038;p=112424"},"modified":"2025-03-12T16:02:35","modified_gmt":"2025-03-12T16:02:35","slug":"5-001","status":"publish","type":"proyecto","link":"http:\/\/thinkingfadura.eus\/es\/proyecto\/5-001\/","title":{"rendered":"TIKITOKI ZENTROA"},"content":{"rendered":"<p><div style=\"width: 1170px;\" class=\"wp-video\"><video class=\"wp-video-shortcode\" id=\"video-112424-2\" width=\"1170\" height=\"658\" preload=\"metadata\" controls=\"controls\"><source type=\"video\/mp4\" src=\"http:\/\/thinkingfadura.eus\/wp-content\/uploads\/2025\/02\/TikiToki-Zentroa-def-1.mp4?_=2\" \/><a href=\"http:\/\/thinkingfadura.eus\/wp-content\/uploads\/2025\/02\/TikiToki-Zentroa-def-1.mp4\">http:\/\/thinkingfadura.eus\/wp-content\/uploads\/2025\/02\/TikiToki-Zentroa-def-1.mp4<\/a><\/video><\/div><\/p>\n<p>El nuevo espacio multifuncional, resultado del proceso participativo, contempla \u00e1reas destinadas a asociaciones y clubes deportivos en la primera planta. La segunda planta albergar\u00e1 un polo de innovaci\u00f3n deportiva.<\/p>\n<p>El 11 de febrero de 2025 se inaugura TikiToki Zentroa. El edificio, construido en la antigua cervecera, se ha dise\u00f1ado de manera participativa y acoger\u00e1 la actividad social de los clubes y un centro de innovaci\u00f3n para el sector deportivo. El centro mantiene el esp\u00edritu social de la antigua cervecera, en la que se llevaban a cabo las reuniones y celebraciones de las entidades deportivas y de otros agentes sociales getxotarras. Por ello, se ha concebido como un equipamiento multifuncional con tres ambientes diferenciados: una gran sala cerrada que cuenta con otras dos peque\u00f1as salas independientes climatizadas (con una segunda planta para el centro de innovaci\u00f3n en metodolog\u00edas deportivas) y otros dos espacios que podr\u00e1n adaptarse a las necesidades de cada actividad con zonas cubiertas y descubiertas.<\/p>\n<p><style id=\"compiled-css\" type=\"text\/css\">\r\n.navbar {\r\n  overflow: hidden;\r\n\r\n}\r\n\r\n.navbar a {\r\n  float: left;\r\n  color: white;\r\n  text-align: center;\r\n  padding: 10px 10px;\r\n  text-decoration: none;\r\n  border: 1px solid #ffffff;\r\n  background-color: #d65050; \r\n}\r\n.navbar a:hover {\r\n  background-color:#3aa0be;\r\n}\r\n.seccion_proyectos {\r\n  height: 1px;\r\n  background-color: #3aa0be;}\r\n.linea {\r\n  border-top: 1px solid #d65050;\r\n}\r\n<\/style>\r\n\r\n\r\n<div class=\"navbar\">\r\n  <a href=\"#helburuak\" style=\"color: white;\">Objetivos<\/a>\r\n  <a href=\"#egoera\" style=\"color: white;\">Estado y localizaci\u00f3n<\/a>\r\n  <a href=\"#balorazioa\" style=\"color: white;\">Priorizaci\u00f3n y valoraci\u00f3n<\/a>\r\n  <a href=\"#dokumentuak\" style=\"color: white;\">Documentos<\/a>\r\n<\/div><\/p>","protected":false},"menu_order":0,"template":"","format":"standard","situacin_del_proyecto":[118],"id_proyecto":"005-001","objetivos":"Construir el nuevo equipamiento en la antigua cervecera.","resultado":"344","estado":[{"ID":112541,"post_title":"[:eu]8. Itxita[:es]8. Cerrado[:]","post_content":"","post_excerpt":"","post_author":"1","post_date":"2021-11-02 11:06:39","post_date_gmt":"2021-11-02 11:06:39","post_status":"publish","comment_status":"closed","ping_status":"closed","post_password":"","post_name":"8-cerrado","to_ping":"","pinged":"","post_modified":"2021-11-02 11:07:03","post_modified_gmt":"2021-11-02 11:07:03","post_content_filtered":"","post_parent":[],"guid":"http:\/\/thinkingfadura.eus\/?post_type=estado&#038;p=112541","menu_order":0,"post_type":"estado","post_mime_type":"","comment_count":"0","comments":false,"id":112541}],"_links":{"self":[{"href":"http:\/\/thinkingfadura.eus\/es\/wp-json\/wp\/v2\/proyecto\/112424"}],"collection":[{"href":"http:\/\/thinkingfadura.eus\/es\/wp-json\/wp\/v2\/proyecto"}],"about":[{"href":"http:\/\/thinkingfadura.eus\/es\/wp-json\/wp\/v2\/types\/proyecto"}],"version-history":[{"count":0,"href":"http:\/\/thinkingfadura.eus\/es\/wp-json\/wp\/v2\/proyecto\/112424\/revisions"}],"wp:attachment":[{"href":"http:\/\/thinkingfadura.eus\/es\/wp-json\/wp\/v2\/media?parent=112424"}],"wp:term":[{"taxonomy":"situacin_del_proyecto","embeddable":true,"href":"http:\/\/thinkingfadura.eus\/es\/wp-json\/wp\/v2\/situacin_del_proyecto?post=112424"}],"curies":[{"name":"wp","href":"https:\/\/api.w.org\/{rel}","templated":true}]}}

<p><div style="width: 1170px;" class="wp-video"><video class="wp-video-shortcode" id="video-112424-2" width="1170" height="658" preload="metadata" controls="controls"><source type="video/mp4" src="http://thinkingfadura.eus/wp-content/uploads/2025/02/TikiToki-Zentroa-def-1.mp4?_=2" /><a href="http://thinkingfadura.eus/wp-content/uploads/2025/02/TikiToki-Zentroa-def-1.mp4">http://thinkingfadura.eus/wp-content/uploads/2025/02/TikiToki-Zentroa-def-1.mp4</a></video></div></p>
<p>El nuevo espacio multifuncional, resultado del proceso participativo, contempla áreas destinadas a asociaciones y clubes deportivos en la primera planta. La segunda planta albergará un polo de innovación deportiva.</p>
<p>El 11 de febrero de 2025 se inaugura TikiToki Zentroa. El edificio, construido en la antigua cervecera, se ha diseñado de manera participativa y acogerá la actividad social de los clubes y un centro de innovación para el sector deportivo. El centro mantiene el espíritu social de la antigua cervecera, en la que se llevaban a cabo las reuniones y celebraciones de las entidades deportivas y de otros agentes sociales getxotarras. Por ello, se ha concebido como un equipamiento multifuncional con tres ambientes diferenciados: una gran sala cerrada que cuenta con otras dos pequeñas salas independientes climatizadas (con una segunda planta para el centro de innovación en metodologías deportivas) y otros dos espacios que podrán adaptarse a las necesidades de cada actividad con zonas cubiertas y descubiertas.</p>
<p><style id="compiled-css" type="text/css">
.navbar {
  overflow: hidden;

}

.navbar a {
  float: left;
  color: white;
  text-align: center;
  padding: 10px 10px;
  text-decoration: none;
  border: 1px solid #ffffff;
  background-color: #d65050; 
}
.navbar a:hover {
  background-color:#3aa0be;
}
.seccion_proyectos {
  height: 1px;
  background-color: #3aa0be;}
.linea {
  border-top: 1px solid #d65050;
}
</style>


<div class="navbar">
  <a href="#helburuak" style="color: white;">Objetivos</a>
  <a href="#egoera" style="color: white;">Estado y localización</a>
  <a href="#balorazioa" style="color: white;">Priorización y valoración</a>
  <a href="#dokumentuak" style="color: white;">Documentos</a>
</div></p>
