{"id":113476,"date":"2024-03-01T11:15:18","date_gmt":"2024-03-01T11:15:18","guid":{"rendered":"http:\/\/thinkingfadura.eus\/?page_id=113476"},"modified":"2024-03-01T11:50:42","modified_gmt":"2024-03-01T11:50:42","slug":"proiektuen-egoerak","status":"publish","type":"page","link":"http:\/\/thinkingfadura.eus\/es\/proiektuen-egoerak\/","title":{"rendered":"Situaci\u00f3n de los proyectos"},"content":{"rendered":"<p><img class=\"alignnone size-full wp-image-113481\" src=\"http:\/\/thinkingfadura.eus\/wp-content\/uploads\/2024\/03\/situaciones.png\" width=\"100%\" srcset=\"http:\/\/thinkingfadura.eus\/wp-content\/uploads\/2024\/03\/situaciones.png 1147w, http:\/\/thinkingfadura.eus\/wp-content\/uploads\/2024\/03\/situaciones-400x37.png 400w, http:\/\/thinkingfadura.eus\/wp-content\/uploads\/2024\/03\/situaciones-850x79.png 850w, http:\/\/thinkingfadura.eus\/wp-content\/uploads\/2024\/03\/situaciones-768x71.png 768w, http:\/\/thinkingfadura.eus\/wp-content\/uploads\/2024\/03\/situaciones-830x77.png 830w, http:\/\/thinkingfadura.eus\/wp-content\/uploads\/2024\/03\/situaciones-230x21.png 230w, http:\/\/thinkingfadura.eus\/wp-content\/uploads\/2024\/03\/situaciones-350x32.png 350w, http:\/\/thinkingfadura.eus\/wp-content\/uploads\/2024\/03\/situaciones-480x44.png 480w\" sizes=\"(max-width: 1147px) 100vw, 1147px\" \/><br \/>\nPor lo general, los proyectos de <em>thinking Fadura<\/em> atraviesan una serie de situaciones que se describen a continuaci\u00f3n:<\/p>\n<ol>\n<li><strong>Pendiente. <\/strong>A\u00fan no se ha activado debido a trabas u otros proyectos que lo condicionan.<\/li>\n<li><strong>An\u00e1lisis. <\/strong>Ha sido priorizado, aprobado y se le est\u00e1 dando forma mediante an\u00e1lisis previos, dise\u00f1o del proceso participativo, etc\u00e9tera.<\/li>\n<li><strong>Activaci\u00f3n<\/strong>. Desde que se inicia el proceso participativo para definir el programa de necesidades hasta la adjudicaci\u00f3n del encargo del inicio de obra.<\/li>\n<li><strong>Desarrollo. <\/strong>Comienza la ejecuci\u00f3n del proyecto de obra o de elaboraci\u00f3n de otros productos intangibles.<\/li>\n<li><strong>Proyecto Social. <\/strong>Proceso de contraste con ciudadan\u00eda y agentes implicados para determinar los usos y actividades de instalaciones deportivas\/sociales.<\/li>\n<li><strong>Cierre. <\/strong>El proyecto se ha completado.<\/li>\n<\/ol>\n<p><center><a class=\"roll-button button-slider\" style=\"color:#ffffff\" href=\"http:\/\/thinkingfadura.eus\/es\/proyectos\/\">\u00a1Conoce los proyectos de thinking Fadura!<\/a><\/center><\/p>","protected":false},"excerpt":{"rendered":"<p>Por lo general, los proyectos de thinking Fadura atraviesan una serie de situaciones que se describen a continuaci\u00f3n: Pendiente. A\u00fan no se ha activado debido a trabas u otros proyectos que lo condicionan. An\u00e1lisis. Ha sido priorizado, aprobado y se le est\u00e1 dando forma mediante an\u00e1lisis previos, dise\u00f1o del proceso participativo, etc\u00e9tera. Activaci\u00f3n. Desde que [&hellip;]<\/p>\n","protected":false},"author":1,"featured_media":0,"parent":0,"menu_order":0,"comment_status":"closed","ping_status":"closed","template":"page-templates\/page_fullwidth.php","meta":{"_exactmetrics_skip_tracking":false,"_exactmetrics_sitenote_active":false,"_exactmetrics_sitenote_note":"","_exactmetrics_sitenote_category":0},"_links":{"self":[{"href":"http:\/\/thinkingfadura.eus\/es\/wp-json\/wp\/v2\/pages\/113476"}],"collection":[{"href":"http:\/\/thinkingfadura.eus\/es\/wp-json\/wp\/v2\/pages"}],"about":[{"href":"http:\/\/thinkingfadura.eus\/es\/wp-json\/wp\/v2\/types\/page"}],"author":[{"embeddable":true,"href":"http:\/\/thinkingfadura.eus\/es\/wp-json\/wp\/v2\/users\/1"}],"replies":[{"embeddable":true,"href":"http:\/\/thinkingfadura.eus\/es\/wp-json\/wp\/v2\/comments?post=113476"}],"version-history":[{"count":9,"href":"http:\/\/thinkingfadura.eus\/es\/wp-json\/wp\/v2\/pages\/113476\/revisions"}],"predecessor-version":[{"id":113489,"href":"http:\/\/thinkingfadura.eus\/es\/wp-json\/wp\/v2\/pages\/113476\/revisions\/113489"}],"wp:attachment":[{"href":"http:\/\/thinkingfadura.eus\/es\/wp-json\/wp\/v2\/media?parent=113476"}],"curies":[{"name":"wp","href":"https:\/\/api.w.org\/{rel}","templated":true}]}}

Situación de los proyectos

<p><img class="alignnone size-full wp-image-113481" src="http://thinkingfadura.eus/wp-content/uploads/2024/03/situaciones.png" width="100%" srcset="http://thinkingfadura.eus/wp-content/uploads/2024/03/situaciones.png 1147w, http://thinkingfadura.eus/wp-content/uploads/2024/03/situaciones-400x37.png 400w, http://thinkingfadura.eus/wp-content/uploads/2024/03/situaciones-850x79.png 850w, http://thinkingfadura.eus/wp-content/uploads/2024/03/situaciones-768x71.png 768w, http://thinkingfadura.eus/wp-content/uploads/2024/03/situaciones-830x77.png 830w, http://thinkingfadura.eus/wp-content/uploads/2024/03/situaciones-230x21.png 230w, http://thinkingfadura.eus/wp-content/uploads/2024/03/situaciones-350x32.png 350w, http://thinkingfadura.eus/wp-content/uploads/2024/03/situaciones-480x44.png 480w" sizes="(max-width: 1147px) 100vw, 1147px" /><br />
Por lo general, los proyectos de <em>thinking Fadura</em> atraviesan una serie de situaciones que se describen a continuación:</p>
<ol>
<li><strong>Pendiente. </strong>Aún no se ha activado debido a trabas u otros proyectos que lo condicionan.</li>
<li><strong>Análisis. </strong>Ha sido priorizado, aprobado y se le está dando forma mediante análisis previos, diseño del proceso participativo, etcétera.</li>
<li><strong>Activación</strong>. Desde que se inicia el proceso participativo para definir el programa de necesidades hasta la adjudicación del encargo del inicio de obra.</li>
<li><strong>Desarrollo. </strong>Comienza la ejecución del proyecto de obra o de elaboración de otros productos intangibles.</li>
<li><strong>Proyecto Social. </strong>Proceso de contraste con ciudadanía y agentes implicados para determinar los usos y actividades de instalaciones deportivas/sociales.</li>
<li><strong>Cierre. </strong>El proyecto se ha completado.</li>
</ol>
<p><center><a class="roll-button button-slider" style="color:#ffffff" href="http://thinkingfadura.eus/es/proyectos/">¡Conoce los proyectos de thinking Fadura!</a></center></p>

<p>Por lo general, los proyectos de thinking Fadura atraviesan una serie de situaciones que se describen a continuación: Pendiente. Aún no se ha activado debido a trabas u otros proyectos que lo condicionan. Análisis. Ha sido priorizado, aprobado y se le está dando forma mediante análisis previos, diseño del proceso participativo, etcétera. Activación. Desde que [&hellip;]</p>
