{"id":112083,"date":"2020-02-27T13:04:47","date_gmt":"2020-02-27T13:04:47","guid":{"rendered":"http:\/\/thinkingfadura.eus\/?page_id=112083"},"modified":"2020-03-05T12:43:28","modified_gmt":"2020-03-05T12:43:28","slug":"diseno-espacio","status":"publish","type":"page","link":"http:\/\/thinkingfadura.eus\/es\/diseno-espacio\/","title":{"rendered":"Inscripci\u00f3n a los talleres para redise\u00f1ar el espacio y el mobiliario de la segunda planta de Fadura"},"content":{"rendered":"<p>La\u00a0<b>primera cita es el 11 de marzo, de 18.30h a 20.30h<\/b>, d\u00eda en el que se llevar\u00e1 a cabo un taller de escucha de necesidades detectadas en el txikipark y la galer\u00eda multiusos;\u00a0<b>el 17 de marzo, de 18.30h a 21.00h<\/b>, se realizar\u00e1 un segundo taller para pensar soluciones a las necesidades de la zona de estudio. Los dos talleres se desarrollar\u00e1n en la planta superior del edificio principal de Fadura.<\/p>\n<p>M\u00e1s adelante, el d\u00eda\u00a0<b>25 de abril, de 09.30h a 13.30h<\/b>, se contrastar\u00e1n las posibles soluciones planteadas por el equipo facilitador, en base a las aportaciones realizadas en los talleres de escucha de necesidades; finalmente,\u00a0<b>el 4 de junio, de 18.30h a 20.30h,<\/b>\u00a0se podr\u00e1n ver los prototipos de dise\u00f1o del nuevo mobiliario.<\/p>\n<p><b>Si quieres formar parte del laboratorio ciudadano que va a <a href=\"http:\/\/thinkingfadura.eus\/es\/la-economia-circular-llega-a-fadura\/\" target=\"_blank\" rel=\"noopener\">redise\u00f1ar el espacio<\/a> y algunos elementos del mobiliario de la segunda planta del edificio principal de Fadura, puedes inscribirte en estos talleres:<\/b><\/p>\n<p>[ninja_form id=3]<\/p>\n<p><div class=\"ezcol ezcol-one-half\"><\/div>Taller 1<img class=\"aligncenter size-full wp-image-112140\" src=\"http:\/\/thinkingfadura.eus\/wp-content\/uploads\/2020\/02\/Planos-Taller-1.jpg\" alt=\"Taller 1\" width=\"100%\" srcset=\"http:\/\/thinkingfadura.eus\/wp-content\/uploads\/2020\/02\/Planos-Taller-1.jpg 4963w, http:\/\/thinkingfadura.eus\/wp-content\/uploads\/2020\/02\/Planos-Taller-1-400x283.jpg 400w, http:\/\/thinkingfadura.eus\/wp-content\/uploads\/2020\/02\/Planos-Taller-1-768x543.jpg 768w, http:\/\/thinkingfadura.eus\/wp-content\/uploads\/2020\/02\/Planos-Taller-1-850x601.jpg 850w, http:\/\/thinkingfadura.eus\/wp-content\/uploads\/2020\/02\/Planos-Taller-1-830x587.jpg 830w, http:\/\/thinkingfadura.eus\/wp-content\/uploads\/2020\/02\/Planos-Taller-1-230x163.jpg 230w, http:\/\/thinkingfadura.eus\/wp-content\/uploads\/2020\/02\/Planos-Taller-1-350x247.jpg 350w, http:\/\/thinkingfadura.eus\/wp-content\/uploads\/2020\/02\/Planos-Taller-1-480x339.jpg 480w\" sizes=\"(max-width: 4963px) 100vw, 4963px\" \/><\/div> <div class=\"ezcol ezcol-one-half ezcol-last\">Taller 2 y 3<img class=\"aligncenter size-full wp-image-112141\" src=\"http:\/\/thinkingfadura.eus\/wp-content\/uploads\/2020\/02\/Planos-Talleres-2y3.jpg\" alt=\"Taller 2 y 3\" width=\"100%\" srcset=\"http:\/\/thinkingfadura.eus\/wp-content\/uploads\/2020\/02\/Planos-Talleres-2y3.jpg 4962w, http:\/\/thinkingfadura.eus\/wp-content\/uploads\/2020\/02\/Planos-Talleres-2y3-400x283.jpg 400w, http:\/\/thinkingfadura.eus\/wp-content\/uploads\/2020\/02\/Planos-Talleres-2y3-768x543.jpg 768w, http:\/\/thinkingfadura.eus\/wp-content\/uploads\/2020\/02\/Planos-Talleres-2y3-850x601.jpg 850w, http:\/\/thinkingfadura.eus\/wp-content\/uploads\/2020\/02\/Planos-Talleres-2y3-830x587.jpg 830w, http:\/\/thinkingfadura.eus\/wp-content\/uploads\/2020\/02\/Planos-Talleres-2y3-230x163.jpg 230w, http:\/\/thinkingfadura.eus\/wp-content\/uploads\/2020\/02\/Planos-Talleres-2y3-350x247.jpg 350w, http:\/\/thinkingfadura.eus\/wp-content\/uploads\/2020\/02\/Planos-Talleres-2y3-480x339.jpg 480w\" sizes=\"(max-width: 4962px) 100vw, 4962px\" \/><br \/>\n<\/div><div class=\"ezcol-divider\"><\/div><br \/>\n<div class=\"ezcol ezcol-one-half\"><\/div>Taller 4<img loading=\"lazy\" src=\"http:\/\/thinkingfadura.eus\/wp-content\/uploads\/2020\/02\/Planos-Taller-4.jpg\" alt=\"Taller 4\" width=\"100%\" height=\"3508\" class=\"aligncenter size-full wp-image-112143\" srcset=\"http:\/\/thinkingfadura.eus\/wp-content\/uploads\/2020\/02\/Planos-Taller-4.jpg 4962w, http:\/\/thinkingfadura.eus\/wp-content\/uploads\/2020\/02\/Planos-Taller-4-400x283.jpg 400w, http:\/\/thinkingfadura.eus\/wp-content\/uploads\/2020\/02\/Planos-Taller-4-768x543.jpg 768w, http:\/\/thinkingfadura.eus\/wp-content\/uploads\/2020\/02\/Planos-Taller-4-850x601.jpg 850w, http:\/\/thinkingfadura.eus\/wp-content\/uploads\/2020\/02\/Planos-Taller-4-830x587.jpg 830w, http:\/\/thinkingfadura.eus\/wp-content\/uploads\/2020\/02\/Planos-Taller-4-230x163.jpg 230w, http:\/\/thinkingfadura.eus\/wp-content\/uploads\/2020\/02\/Planos-Taller-4-350x247.jpg 350w, http:\/\/thinkingfadura.eus\/wp-content\/uploads\/2020\/02\/Planos-Taller-4-480x339.jpg 480w\" sizes=\"(max-width: 4962px) 100vw, 4962px\" \/><\/p>","protected":false},"excerpt":{"rendered":"<p>Disculpa, pero esta entrada est\u00e1 disponible s\u00f3lo en Euskera.<\/p>\n","protected":false},"author":1,"featured_media":0,"parent":0,"menu_order":0,"comment_status":"closed","ping_status":"closed","template":"page-templates\/page_fullwidth.php","meta":{"_exactmetrics_skip_tracking":false,"_exactmetrics_sitenote_active":false,"_exactmetrics_sitenote_note":"","_exactmetrics_sitenote_category":0},"_links":{"self":[{"href":"http:\/\/thinkingfadura.eus\/es\/wp-json\/wp\/v2\/pages\/112083"}],"collection":[{"href":"http:\/\/thinkingfadura.eus\/es\/wp-json\/wp\/v2\/pages"}],"about":[{"href":"http:\/\/thinkingfadura.eus\/es\/wp-json\/wp\/v2\/types\/page"}],"author":[{"embeddable":true,"href":"http:\/\/thinkingfadura.eus\/es\/wp-json\/wp\/v2\/users\/1"}],"replies":[{"embeddable":true,"href":"http:\/\/thinkingfadura.eus\/es\/wp-json\/wp\/v2\/comments?post=112083"}],"version-history":[{"count":29,"href":"http:\/\/thinkingfadura.eus\/es\/wp-json\/wp\/v2\/pages\/112083\/revisions"}],"predecessor-version":[{"id":112151,"href":"http:\/\/thinkingfadura.eus\/es\/wp-json\/wp\/v2\/pages\/112083\/revisions\/112151"}],"wp:attachment":[{"href":"http:\/\/thinkingfadura.eus\/es\/wp-json\/wp\/v2\/media?parent=112083"}],"curies":[{"name":"wp","href":"https:\/\/api.w.org\/{rel}","templated":true}]}}

Inscripción a los talleres para rediseñar el espacio y el mobiliario de la segunda planta de Fadura

<p>La <b>primera cita es el 11 de marzo, de 18.30h a 20.30h</b>, día en el que se llevará a cabo un taller de escucha de necesidades detectadas en el txikipark y la galería multiusos; <b>el 17 de marzo, de 18.30h a 21.00h</b>, se realizará un segundo taller para pensar soluciones a las necesidades de la zona de estudio. Los dos talleres se desarrollarán en la planta superior del edificio principal de Fadura.</p>
<p>Más adelante, el día <b>25 de abril, de 09.30h a 13.30h</b>, se contrastarán las posibles soluciones planteadas por el equipo facilitador, en base a las aportaciones realizadas en los talleres de escucha de necesidades; finalmente, <b>el 4 de junio, de 18.30h a 20.30h,</b> se podrán ver los prototipos de diseño del nuevo mobiliario.</p>
<p><b>Si quieres formar parte del laboratorio ciudadano que va a <a href="http://thinkingfadura.eus/es/la-economia-circular-llega-a-fadura/" target="_blank" rel="noopener">rediseñar el espacio</a> y algunos elementos del mobiliario de la segunda planta del edificio principal de Fadura, puedes inscribirte en estos talleres:</b></p>
<p>[ninja_form id=3]</p>
<p><div class="ezcol ezcol-one-half"></div>Taller 1<img class="aligncenter size-full wp-image-112140" src="http://thinkingfadura.eus/wp-content/uploads/2020/02/Planos-Taller-1.jpg" alt="Taller 1" width="100%" srcset="http://thinkingfadura.eus/wp-content/uploads/2020/02/Planos-Taller-1.jpg 4963w, http://thinkingfadura.eus/wp-content/uploads/2020/02/Planos-Taller-1-400x283.jpg 400w, http://thinkingfadura.eus/wp-content/uploads/2020/02/Planos-Taller-1-768x543.jpg 768w, http://thinkingfadura.eus/wp-content/uploads/2020/02/Planos-Taller-1-850x601.jpg 850w, http://thinkingfadura.eus/wp-content/uploads/2020/02/Planos-Taller-1-830x587.jpg 830w, http://thinkingfadura.eus/wp-content/uploads/2020/02/Planos-Taller-1-230x163.jpg 230w, http://thinkingfadura.eus/wp-content/uploads/2020/02/Planos-Taller-1-350x247.jpg 350w, http://thinkingfadura.eus/wp-content/uploads/2020/02/Planos-Taller-1-480x339.jpg 480w" sizes="(max-width: 4963px) 100vw, 4963px" /></div> <div class="ezcol ezcol-one-half ezcol-last">Taller 2 y 3<img class="aligncenter size-full wp-image-112141" src="http://thinkingfadura.eus/wp-content/uploads/2020/02/Planos-Talleres-2y3.jpg" alt="Taller 2 y 3" width="100%" srcset="http://thinkingfadura.eus/wp-content/uploads/2020/02/Planos-Talleres-2y3.jpg 4962w, http://thinkingfadura.eus/wp-content/uploads/2020/02/Planos-Talleres-2y3-400x283.jpg 400w, http://thinkingfadura.eus/wp-content/uploads/2020/02/Planos-Talleres-2y3-768x543.jpg 768w, http://thinkingfadura.eus/wp-content/uploads/2020/02/Planos-Talleres-2y3-850x601.jpg 850w, http://thinkingfadura.eus/wp-content/uploads/2020/02/Planos-Talleres-2y3-830x587.jpg 830w, http://thinkingfadura.eus/wp-content/uploads/2020/02/Planos-Talleres-2y3-230x163.jpg 230w, http://thinkingfadura.eus/wp-content/uploads/2020/02/Planos-Talleres-2y3-350x247.jpg 350w, http://thinkingfadura.eus/wp-content/uploads/2020/02/Planos-Talleres-2y3-480x339.jpg 480w" sizes="(max-width: 4962px) 100vw, 4962px" /><br />
</div><div class="ezcol-divider"></div><br />
<div class="ezcol ezcol-one-half"></div>Taller 4<img loading="lazy" src="http://thinkingfadura.eus/wp-content/uploads/2020/02/Planos-Taller-4.jpg" alt="Taller 4" width="100%" height="3508" class="aligncenter size-full wp-image-112143" srcset="http://thinkingfadura.eus/wp-content/uploads/2020/02/Planos-Taller-4.jpg 4962w, http://thinkingfadura.eus/wp-content/uploads/2020/02/Planos-Taller-4-400x283.jpg 400w, http://thinkingfadura.eus/wp-content/uploads/2020/02/Planos-Taller-4-768x543.jpg 768w, http://thinkingfadura.eus/wp-content/uploads/2020/02/Planos-Taller-4-850x601.jpg 850w, http://thinkingfadura.eus/wp-content/uploads/2020/02/Planos-Taller-4-830x587.jpg 830w, http://thinkingfadura.eus/wp-content/uploads/2020/02/Planos-Taller-4-230x163.jpg 230w, http://thinkingfadura.eus/wp-content/uploads/2020/02/Planos-Taller-4-350x247.jpg 350w, http://thinkingfadura.eus/wp-content/uploads/2020/02/Planos-Taller-4-480x339.jpg 480w" sizes="(max-width: 4962px) 100vw, 4962px" /></p>

<p>Disculpa, pero esta entrada está disponible sólo en Euskera.</p>
