{"id":111285,"date":"2019-11-11T07:27:46","date_gmt":"2019-11-11T07:27:46","guid":{"rendered":"http:\/\/thinkingfadura.eus\/?page_id=111285"},"modified":"2019-12-02T12:21:42","modified_gmt":"2019-12-02T12:21:42","slug":"fase2","status":"publish","type":"page","link":"http:\/\/thinkingfadura.eus\/es\/fase2\/","title":{"rendered":"Fase 2. Dise\u00f1o participativo y anteproyecto"},"content":{"rendered":"<p><img class=\"aligncenter\" src=\"http:\/\/thinkingfadura.eus\/wp-content\/uploads\/2017\/04\/FASE2_CAS.png\" \/><\/p>\n<p><span style=\"font-weight: 400;\">Realizado el diagn\u00f3stico, comienza una segunda fase de <b>socializaci\u00f3n y activaci\u00f3n de la participaci\u00f3n ciudadana<\/b> en la que se convoca a la ciudadan\u00eda y agentes diversos a tomar parte en un proceso abierto, a trav\u00e9s de encuentros, talleres y conversaciones, para recoger necesidades, oportunidades e ideas para redise\u00f1ar el nuevo parque de Fadura. Este proceso se desarrolla en dos ciclos:<\/span><\/p>\n<p><b>Primer ciclo (abril-julio 2018).<\/b><span style=\"font-weight: 400;\"> Comienzan las <\/span><b>sesiones presenciales de participaci\u00f3n para detectar necesidades y oportunidades <\/b><span style=\"font-weight: 400;\">en cuanto al parque deportivo, las instalaciones y nuevos usos en el complejo deportivo. Estas sesiones se llevan a cabo con personas abonadas a Getxo Kirolak, clubes y asociaciones deportivas, j\u00f3venes universitarios\/as, t\u00e9cnicos\/as municipales, colectivos y miradas espec\u00edficas (personas mayores, g\u00e9nero, accesibilidad, diversidad funcional, personas inmigrantes, innovaci\u00f3n y emprendizaje), juventud (12-24 a\u00f1os), infancia y grupos pol\u00edticos.\u00a0<\/span><\/p>\n<p><span style=\"font-weight: 400;\">Adem\u00e1s, se habilita una <\/span><b>plataforma de participaci\u00f3n digital <\/b><span style=\"font-weight: 400;\">con el objetivo de ofrecer herramientas de participaci\u00f3n alternativas para aqu\u00e9llas personas que, por diferentes circunstancias, no pueden acudir a las sesiones presenciales pero quieren incidir en el dise\u00f1o del nuevo parque deportivo de Fadura.<\/span><\/p>\n<p><b>Segundo ciclo (agosto-diciembre 2018).<\/b><span style=\"font-weight: 400;\"> Una vez detectadas las necesidades y oportunidades, se abre una <\/span><b>nueva etapa para la propuesta de ideas<\/b><span style=\"font-weight: 400;\">. Como resultado, se obtienen casi 1.900 aportaciones que se traducen en <\/span><b>218 propuestas de actuaci\u00f3n<\/b><span style=\"font-weight: 400;\">: 110 intervenciones f\u00edsicas, 43 aportaciones relacionadas con aspectos sobre gobernanza y 65 referentes a la gesti\u00f3n del parque.<\/span><\/p>\n<p><span style=\"font-weight: 400;\">El<\/span> <a href=\"http:\/\/thinkingfadura.eus\/wp-content\/uploads\/2019\/02\/thinkingFadura-MEMORIA-FINAL-web-2.pdf\"><span style=\"font-weight: 400;\">anteproyecto de ordenaci\u00f3n paisaj\u00edstica y urbana del nuevo parque de Fadura<\/span><\/a><span style=\"font-weight: 400;\"> se ha dise\u00f1ado en relaci\u00f3n directa con las reflexiones y aportaciones recogidas durante el proceso de participaci\u00f3n ciudadana. La propuesta del anteproyecto es coherente con los principios esenciales del futuro parque: abierto, accesible, saludable, sostenible, inclusivo e innovador.<\/span><\/p>\n<hr \/>\n<h3>Documentaci\u00f3n<\/h3>\n<hr \/>\n<div class=\"ezcol ezcol-one-half\"><\/div>\n<h6>Anteproyecto de ordenaci\u00f3n paisaj\u00edstica y urbana del nuevo parque de Fadura<\/h6>\n<ul>\n<li><a href=\"http:\/\/thinkingfadura.eus\/wp-content\/uploads\/2019\/02\/thinkingFadura-MEMORIA-FINAL-web-2.pdf\">Memoria del proyecto<\/a><\/li>\n<li><a href=\"http:\/\/thinkingfadura.eus\/wp-content\/uploads\/2019\/02\/Anexo-2-Planos-de-las-soluciones-por-espacios.pdf\">Planos de las soluciones por espacios<\/a><\/li>\n<\/ul>\n<\/div> <div class=\"ezcol ezcol-one-half ezcol-last\">\n<h6>V\u00eddeo resumen del proceso<\/h6>\n<p><iframe loading=\"lazy\" src=\"https:\/\/www.youtube.com\/embed\/CUScP8ryHnE\" width=\"560\" height=\"315\" frameborder=\"0\" allowfullscreen=\"allowfullscreen\"><\/iframe><br \/>\n<\/div><div class=\"ezcol-divider\"><\/div><br \/>\n<div class=\"ezcol ezcol-one-half\"><\/div><\/p>","protected":false},"excerpt":{"rendered":"<p>Disculpa, pero esta entrada est\u00e1 disponible s\u00f3lo en Euskera.<\/p>\n","protected":false},"author":1,"featured_media":0,"parent":0,"menu_order":0,"comment_status":"closed","ping_status":"closed","template":"page-templates\/page_fullwidth.php","meta":{"_exactmetrics_skip_tracking":false,"_exactmetrics_sitenote_active":false,"_exactmetrics_sitenote_note":"","_exactmetrics_sitenote_category":0},"_links":{"self":[{"href":"http:\/\/thinkingfadura.eus\/es\/wp-json\/wp\/v2\/pages\/111285"}],"collection":[{"href":"http:\/\/thinkingfadura.eus\/es\/wp-json\/wp\/v2\/pages"}],"about":[{"href":"http:\/\/thinkingfadura.eus\/es\/wp-json\/wp\/v2\/types\/page"}],"author":[{"embeddable":true,"href":"http:\/\/thinkingfadura.eus\/es\/wp-json\/wp\/v2\/users\/1"}],"replies":[{"embeddable":true,"href":"http:\/\/thinkingfadura.eus\/es\/wp-json\/wp\/v2\/comments?post=111285"}],"version-history":[{"count":4,"href":"http:\/\/thinkingfadura.eus\/es\/wp-json\/wp\/v2\/pages\/111285\/revisions"}],"predecessor-version":[{"id":111948,"href":"http:\/\/thinkingfadura.eus\/es\/wp-json\/wp\/v2\/pages\/111285\/revisions\/111948"}],"wp:attachment":[{"href":"http:\/\/thinkingfadura.eus\/es\/wp-json\/wp\/v2\/media?parent=111285"}],"curies":[{"name":"wp","href":"https:\/\/api.w.org\/{rel}","templated":true}]}}

Fase 2. Diseño participativo y anteproyecto

<p><img class="aligncenter" src="http://thinkingfadura.eus/wp-content/uploads/2017/04/FASE2_CAS.png" /></p>
<p><span style="font-weight: 400;">Realizado el diagnóstico, comienza una segunda fase de <b>socialización y activación de la participación ciudadana</b> en la que se convoca a la ciudadanía y agentes diversos a tomar parte en un proceso abierto, a través de encuentros, talleres y conversaciones, para recoger necesidades, oportunidades e ideas para rediseñar el nuevo parque de Fadura. Este proceso se desarrolla en dos ciclos:</span></p>
<p><b>Primer ciclo (abril-julio 2018).</b><span style="font-weight: 400;"> Comienzan las </span><b>sesiones presenciales de participación para detectar necesidades y oportunidades </b><span style="font-weight: 400;">en cuanto al parque deportivo, las instalaciones y nuevos usos en el complejo deportivo. Estas sesiones se llevan a cabo con personas abonadas a Getxo Kirolak, clubes y asociaciones deportivas, jóvenes universitarios/as, técnicos/as municipales, colectivos y miradas específicas (personas mayores, género, accesibilidad, diversidad funcional, personas inmigrantes, innovación y emprendizaje), juventud (12-24 años), infancia y grupos políticos. </span></p>
<p><span style="font-weight: 400;">Además, se habilita una </span><b>plataforma de participación digital </b><span style="font-weight: 400;">con el objetivo de ofrecer herramientas de participación alternativas para aquéllas personas que, por diferentes circunstancias, no pueden acudir a las sesiones presenciales pero quieren incidir en el diseño del nuevo parque deportivo de Fadura.</span></p>
<p><b>Segundo ciclo (agosto-diciembre 2018).</b><span style="font-weight: 400;"> Una vez detectadas las necesidades y oportunidades, se abre una </span><b>nueva etapa para la propuesta de ideas</b><span style="font-weight: 400;">. Como resultado, se obtienen casi 1.900 aportaciones que se traducen en </span><b>218 propuestas de actuación</b><span style="font-weight: 400;">: 110 intervenciones físicas, 43 aportaciones relacionadas con aspectos sobre gobernanza y 65 referentes a la gestión del parque.</span></p>
<p><span style="font-weight: 400;">El</span> <a href="http://thinkingfadura.eus/wp-content/uploads/2019/02/thinkingFadura-MEMORIA-FINAL-web-2.pdf"><span style="font-weight: 400;">anteproyecto de ordenación paisajística y urbana del nuevo parque de Fadura</span></a><span style="font-weight: 400;"> se ha diseñado en relación directa con las reflexiones y aportaciones recogidas durante el proceso de participación ciudadana. La propuesta del anteproyecto es coherente con los principios esenciales del futuro parque: abierto, accesible, saludable, sostenible, inclusivo e innovador.</span></p>
<hr />
<h3>Documentación</h3>
<hr />
<div class="ezcol ezcol-one-half"></div>
<h6>Anteproyecto de ordenación paisajística y urbana del nuevo parque de Fadura</h6>
<ul>
<li><a href="http://thinkingfadura.eus/wp-content/uploads/2019/02/thinkingFadura-MEMORIA-FINAL-web-2.pdf">Memoria del proyecto</a></li>
<li><a href="http://thinkingfadura.eus/wp-content/uploads/2019/02/Anexo-2-Planos-de-las-soluciones-por-espacios.pdf">Planos de las soluciones por espacios</a></li>
</ul>
</div> <div class="ezcol ezcol-one-half ezcol-last">
<h6>Vídeo resumen del proceso</h6>
<p><iframe loading="lazy" src="https://www.youtube.com/embed/CUScP8ryHnE" width="560" height="315" frameborder="0" allowfullscreen="allowfullscreen"></iframe><br />
</div><div class="ezcol-divider"></div><br />
<div class="ezcol ezcol-one-half"></div></p>

<p>Disculpa, pero esta entrada está disponible sólo en Euskera.</p>
