{"version":"1.0","provider_name":"Thinking Fadura","provider_url":"http:\/\/thinkingfadura.eus\/es","title":"Resumen del diagn\u00f3stico Urbano y Social del Fadura - Thinking Fadura","type":"rich","width":600,"height":338,"html":"<blockquote class=\"wp-embedded-content\" data-secret=\"o7Ud9bpMxL\"><a href=\"http:\/\/thinkingfadura.eus\/es\/documento\/resumen-del-diagnostico-urbano-y-social-del-fadura\/\">Resumen del diagn\u00f3stico Urbano y Social del Fadura<\/a><\/blockquote><iframe sandbox=\"allow-scripts\" security=\"restricted\" src=\"http:\/\/thinkingfadura.eus\/es\/documento\/resumen-del-diagnostico-urbano-y-social-del-fadura\/embed\/#?secret=o7Ud9bpMxL\" width=\"600\" height=\"338\" title=\"\u00abResumen del diagn\u00f3stico Urbano y Social del Fadura\u00bb \u2014 Thinking Fadura\" data-secret=\"o7Ud9bpMxL\" frameborder=\"0\" marginwidth=\"0\" marginheight=\"0\" scrolling=\"no\" class=\"wp-embedded-content\"><\/iframe><script type=\"text\/javascript\">\n\/*! This file is auto-generated *\/\n!function(d,l){\"use strict\";var e=!1,o=!1;if(l.querySelector)if(d.addEventListener)e=!0;if(d.wp=d.wp||{},!d.wp.receiveEmbedMessage)if(d.wp.receiveEmbedMessage=function(e){var t=e.data;if(t)if(t.secret||t.message||t.value)if(!\/[^a-zA-Z0-9]\/.test(t.secret)){for(var r,a,i,s=l.querySelectorAll('iframe[data-secret=\"'+t.secret+'\"]'),n=l.querySelectorAll('blockquote[data-secret=\"'+t.secret+'\"]'),o=new RegExp(\"^https?:$\",\"i\"),c=0;c<n.length;c++)n[c].style.display=\"none\";for(c=0;c<s.length;c++)if(r=s[c],e.source===r.contentWindow){if(r.removeAttribute(\"style\"),\"height\"===t.message){if(1e3<(i=parseInt(t.value,10)))i=1e3;else if(~~i<200)i=200;r.height=i}if(\"link\"===t.message)if(a=l.createElement(\"a\"),i=l.createElement(\"a\"),a.href=r.getAttribute(\"src\"),i.href=t.value,o.test(i.protocol))if(i.host===a.host)if(l.activeElement===r)d.top.location.href=t.value}}},e)d.addEventListener(\"message\",d.wp.receiveEmbedMessage,!1),l.addEventListener(\"DOMContentLoaded\",t,!1),d.addEventListener(\"load\",t,!1);function t(){if(!o){o=!0;for(var e,t,r,a=-1!==navigator.appVersion.indexOf(\"MSIE 10\"),i=!!navigator.userAgent.match(\/Trident.*rv:11\\.\/),s=l.querySelectorAll(\"iframe.wp-embedded-content\"),n=0;n<s.length;n++){if(!(r=(t=s[n]).getAttribute(\"data-secret\")))r=Math.random().toString(36).substr(2,10),t.src+=\"#?secret=\"+r,t.setAttribute(\"data-secret\",r);if(a||i)(e=t.cloneNode(!0)).removeAttribute(\"security\"),t.parentNode.replaceChild(e,t);t.contentWindow.postMessage({message:\"ready\",secret:r},\"*\")}}}}(window,document);\n<\/script>\n","description":"Resumen del documento titulado \u201cDiagn\u00f3stico urbano y mapeo social del polideportivo de Fadura\u201d. La funci\u00f3n principal del diagn\u00f3stico es generar una documentaci\u00f3n accesible, de car\u00e1cter explicativo, que sirva como base de conocimiento para el proceso participativo que dar\u00e1 forma al anteproyecto del nuevo parque deportivo de Fadura."}

Resumen del diagnóstico Urbano y Social del Fadura - Thinking Fadura

<blockquote class="wp-embedded-content" data-secret="o7Ud9bpMxL"><a href="http://thinkingfadura.eus/es/documento/resumen-del-diagnostico-urbano-y-social-del-fadura/">Resumen del diagnóstico Urbano y Social del Fadura</a></blockquote><iframe sandbox="allow-scripts" security="restricted" src="http://thinkingfadura.eus/es/documento/resumen-del-diagnostico-urbano-y-social-del-fadura/embed/#?secret=o7Ud9bpMxL" width="600" height="338" title="«Resumen del diagnóstico Urbano y Social del Fadura» — Thinking Fadura" data-secret="o7Ud9bpMxL" frameborder="0" marginwidth="0" marginheight="0" scrolling="no" class="wp-embedded-content"></iframe><script type="text/javascript">
/*! This file is auto-generated */
!function(d,l){"use strict";var e=!1,o=!1;if(l.querySelector)if(d.addEventListener)e=!0;if(d.wp=d.wp||{},!d.wp.receiveEmbedMessage)if(d.wp.receiveEmbedMessage=function(e){var t=e.data;if(t)if(t.secret||t.message||t.value)if(!/[^a-zA-Z0-9]/.test(t.secret)){for(var r,a,i,s=l.querySelectorAll('iframe[data-secret="'+t.secret+'"]'),n=l.querySelectorAll('blockquote[data-secret="'+t.secret+'"]'),o=new RegExp("^https?:$","i"),c=0;c<n.length;c++)n[c].style.display="none";for(c=0;c<s.length;c++)if(r=s[c],e.source===r.contentWindow){if(r.removeAttribute("style"),"height"===t.message){if(1e3<(i=parseInt(t.value,10)))i=1e3;else if(~~i<200)i=200;r.height=i}if("link"===t.message)if(a=l.createElement("a"),i=l.createElement("a"),a.href=r.getAttribute("src"),i.href=t.value,o.test(i.protocol))if(i.host===a.host)if(l.activeElement===r)d.top.location.href=t.value}}},e)d.addEventListener("message",d.wp.receiveEmbedMessage,!1),l.addEventListener("DOMContentLoaded",t,!1),d.addEventListener("load",t,!1);function t(){if(!o){o=!0;for(var e,t,r,a=-1!==navigator.appVersion.indexOf("MSIE 10"),i=!!navigator.userAgent.match(/Trident.*rv:11\./),s=l.querySelectorAll("iframe.wp-embedded-content"),n=0;n<s.length;n++){if(!(r=(t=s[n]).getAttribute("data-secret")))r=Math.random().toString(36).substr(2,10),t.src+="#?secret="+r,t.setAttribute("data-secret",r);if(a||i)(e=t.cloneNode(!0)).removeAttribute("security"),t.parentNode.replaceChild(e,t);t.contentWindow.postMessage({message:"ready",secret:r},"*")}}}}(window,document);
</script>

Resumen del documento titulado “Diagnóstico urbano y mapeo social del polideportivo de Fadura”. La función principal del diagnóstico es generar una documentación accesible, de carácter explicativo, que sirva como base de conocimiento para el proceso participativo que dará forma al anteproyecto del nuevo parque deportivo de Fadura.
